239
Let s = -68978 - -112312. List the prime factors of s.
2, 47, 461
Let h(b) = -5*b**2 - 8*b - 32. Let t be h(10). Let j = -259 - t. What are the prime factors of j?
353
Let r = 9855 - 1802. What are the prime factors of r?
8053
Let g = -13738 - -20847. What are the prime factors of g?
7109
Let p(w) = -8*w + 3*w - 3*w - 4 - 10*w. Let a be p(-6). Let h = a - 6. What are the prime factors of h?
2, 7
Let o be ((-14)/(-4) + -1)/(2/4). Suppose -2*m - o*h + 142 + 91 = 0, -5*m + 3*h = -629. What are the prime factors of 2 - (2 - m) - (-3 + 6)?
11
Suppose -20880 = -91*u + 86*u - 5*d, -2 = d. What are the prime factors of u?
2, 2089
Let q(j) be the first derivative of j**2 - 5*j - 15. Let h be q(4). Suppose -h*n + 236 = n. List the prime factors of n.
59
Suppose 4271*i = 4279*i - 27176. What are the prime factors of i?
43, 79
Let y be (-1)/(-8) - 2/(32/(-32910)). Suppose y = 15*s - 4*s. List the prime factors of s.
11, 17
Let l(m) = 450*m + 101. List the prime factors of l(7).
3251
Let d(a) = -18*a - 38. Let c be (-1)/(-4 + (-22)/(-6)) + 1. Suppose 2*y + 3*x = -28, -x - 39 = c*y - 3. List the prime factors of d(y).
2, 53
Let v(q) = q**2 - 19*q + 23. Let l be v(18). Suppose 3*x - l*i + 932 = 2393, 3*x - 1455 = 3*i. List the prime factors of x.
2, 241
Let q(x) = 35*x**2 + 7*x + 294. List the prime factors of q(-6).
2, 3, 7
Let k(q) = -6*q - 37. Let o be k(-6). Let d(c) = 4 - 3 + 88*c**2 - 1. What are the prime factors of d(o)?
2, 11
Let f be (-10 - (-25 - -15))/(2/(-1)). Suppose 3*c - 2*c + 2875 = 3*k, 3*k + 2*c - 2890 = f. List the prime factors of k.
2, 3, 5
Let x(i) = -11*i + 59. Let z be x(5). Let u be (-7)/14*z/1. List the prime factors of (33 + 0 - -5)*(-5)/u.
5, 19
Let p be (0 + 1)*7/((-14)/(-8)). Suppose -11*d + 13*d = -3*m + 3912, -4*d = p*m - 5212. What are the prime factors of m?
2, 653
Suppose -15*n + 564 = -14*n. Suppose -752 = -5*m + m - 3*u, 4*u = 3*m - n. What are the prime factors of m?
2, 47
Let f(g) = g**3 + 2*g**2 - 4*g - 4. Let k be f(-3). Let p be k - (0 - -1 - -4). List the prime factors of 8/(-6)*369/p.
2, 41
Suppose 7566 + 3168 = m - 4*o, -53770 = -5*m - 5*o. List the prime factors of m.
2, 5, 43
Suppose 21*s - 860 = 2647. List the prime factors of s.
167
Let r = -5696 + 16138. What are the prime factors of r?
2, 23, 227
List the prime factors of (15/(5 + -2))/((-745)/(-7922777)).
53173
Let z(i) = 5*i**2 - 5*i - 4. Let l be z(-3). Let f(c) = -2*c**2 + 19*c + 179. Let j be f(-6). What are the prime factors of (j/(l/36))/((-1)/2)?
3
Let h = -37 - -36. List the prime factors of (667/46)/(h/(-38)) + -1.
2, 5, 11
Let a = 0 - 0. Suppose a = -5*g - 25, 29 = t + t - 3*g. Suppose 3*y + 5*w = 38, 0 = -3*w + 5 + t. What are the prime factors of y?
2, 3
Suppose -6*t = -4*t - 114. Let c = -90 + t. List the prime factors of (2/(30/c) - -1)*-40.
2, 3
Let h(y) = -y**3 + 17*y**2 + 3*y - 33. Let l be h(17). Suppose 5*o = 11*o - l. What are the prime factors of (-124 - 8)*(-5)/o?
2, 5, 11
Let m(r) = 2816*r**2 - 555*r - 2201. What are the prime factors of m(-4)?
3, 5, 601
Let n be 24870/120 + 1/(-4). Let j = -74 + n. What are the prime factors of j?
7, 19
Let u = 23634 - 12082. What are the prime factors of u?
2, 19
Let w(s) = 7449*s**2 - 7*s - 8. List the prime factors of w(-1).
2, 7, 19
Let q be (3 - 1) + (-3)/((-15)/100415). What are the prime factors of q/19 - 12/114?
7, 151
Let g(b) = -7*b - 30. Let x be g(-5). Suppose 3*s = 4*v - 2204, x*v - 2758 = 3*s - 0*s. List the prime factors of v.
2, 277
Suppose -10*y + 5*y = 3*v - 72604, -v - 29035 = -2*y. List the prime factors of y.
14519
Suppose 0*r + 0*r - 4*r = 0. Suppose 2*k - 3*d - 41 = r, -4*d = 3*k + d - 14. Let c(x) = x**3 - 13*x**2 + 19. List the prime factors of c(k).
19
Suppose 1965*i - 1938*i - 567648 = 0. What are the prime factors of i?
2, 3, 73
What are the prime factors of (-40)/2 + (355 - -33889)?
2, 3, 23, 31
Let g be 14/2*(-44)/(-77). Suppose z + j + 18 = 0, 3*j - 5*j - g = 0. Let h = z + 45. What are the prime factors of h?
29
Let u be ((-315)/(-10))/7*20/(-3). What are the prime factors of (-114 + -16)*u/4?
3, 5, 13
Let u be (-12)/78 + (0 - 50/13). Let a be u/(2385/9684 + (-1)/4). Suppose 5*d + 0*l + 3*l = 1072, 5*d - l = a. List the prime factors of d.
5, 43
Suppose -90*x + 151*x - 80*x = -653125. What are the prime factors of x?
5, 11
Let d(i) = -i**3 + 5*i**2 + 2*i + 5. Let f be d(5). Suppose -f*w + 3411 = -6*w. What are the prime factors of w?
379
Suppose 0 = -5*c + 10, -4*v - 2*c = v - 74. Let k be (-7 - 7)/(-7)*34/4. Let w = k - v. List the prime factors of w.
3
Let f be (-4365)/105 + (-9)/21. Let b = 249 - f. What are the prime factors of b?
3, 97
Suppose -2*x = 3*n - 14092, -3*n + 1252 = -3*x + 22435. What are the prime factors of x?
5, 17, 83
Let a be (-32)/(-5) - (-10)/(-25). Let k(h) = h + 480. Let t be k(0). Suppose -b + 3*b - a = 0, -3*y + 2*b + t = 0. What are the prime factors of y?
2, 3
Let z = 62 - -386. Suppose f + z = 9*f. What are the prime factors of f?
2, 7
Let b(u) = 430*u**2 - 42*u - 271. What are the prime factors of b(-5)?
3, 7, 509
Suppose -4*h + 20 = t, -6*h + 12 = -3*h. Suppose -2*z = -5*n + 4, -4*z = -n + 12 - t. Suppose -2*a + 183 - 35 = n. What are the prime factors of a?
2, 37
Let z(c) = 102*c**2 + 125*c + 1622. What are the prime factors of z(-12)?
2, 5, 1481
Let q be 1074/(-14) + ((-24)/14)/6. Let x = -69 - q. Suppose -3*l - 575 = -x*l - 4*t, 2*l - 3*t = 230. What are the prime factors of l?
5, 23
Suppose 0 = -19*m + 73034 + 76325. List the prime factors of m.
7, 1123
What are the prime factors of 1602/4*(-85)/(2550/(-940))?
3, 47, 89
Let l = 36 + -7. Let r = -31 + l. Let o(h) = -10*h + 1. What are the prime factors of o(r)?
3, 7
What are the prime factors of 108*(-17)/(255/(-630))?
2, 3, 7
Suppose 0 = 5*x - 4*j + 631, 3*j = -x - 100 - 11. Let z = x - -225. Suppose -3*r = -z - 114. List the prime factors of r.
2, 3
Let j be -2*(-2)/(-4) + 5. Let p(w) = w**3 - 6*w**2 + 13*w - 26. Let v be p(5). Suppose -122 = -j*u + v. List the prime factors of u.
2, 17
List the prime factors of 445*3 + (-75 - -63).
3, 7
Let u = -400 + 611. Let j be 2988/22 + 12/66. Let q = u - j. List the prime factors of q.
3, 5
Suppose 6*q + 29 = 47. What are the prime factors of 412 - 1*18/q?
2, 7, 29
Let c(k) = -3*k + 5. Let h(b) = 13*b + 5. Let p be h(1). Let d be c(p). List the prime factors of (24/7)/((-14)/d).
2, 3
Suppose 3*o + 3*x - 15 = 0, 2*o + 3 = 3*o - x. Suppose -l = k - 6 + 312, o*l + 1526 = -5*k. Let q = 431 + k. What are the prime factors of q?
3, 43
Suppose 2*p + 2 + 4 = 0, -5*p - 18 = 3*s. Let o be ((-3)/(-27)*-3)/((-1)/3). List the prime factors of (2 - (o - -63))/s.
2, 31
Suppose -4*t - 20 = -9*t, -b + 8020 = -5*t. Let y be 8/(-44) + b/(-66). List the prime factors of -3 + 1 - y - 3.
3, 13
Suppose -52*c - 83360 = -2262992. List the prime factors of c.
2, 3, 7, 499
Suppose 0 = 2*k + 16 - 4. Let a(w) = 16*w**2 - 3*w + 18. Let x be a(k). Suppose 0 = -4*c + 4*b + x, 0 = c - 0*b - 3*b - 161. What are the prime factors of c?
149
Let p(v) be the first derivative of 379*v**2/2 - 3*v + 18. Let y be p(3). Suppose -q = -8*q + y. List the prime factors of q.
2, 3
Let t(n) = 9*n**3 + 51*n**2 - 217*n - 44. What are the prime factors of t(18)?
2, 32531
Suppose 5*t - 31 = -i, 3*i + 2*t = -2*t + 38. Let q be (-4 + i)*(199/2 - 1). Let x = 313 - q. List the prime factors of x.
2, 29
Let j = 16 + -17. Let s be 0 + j + (4 - 2) + 17. Let k(c) = -c**2 + 19*c + 12. List the prime factors of k(s).
2, 3, 5
Suppose 116*g = 120*g - 4*p - 74516, 5*g - 93149 = 3*p. List the prime factors of g.
31, 601
Suppose 22*o = 618019 - 57613. List the prime factors of o.
3, 7, 1213
List the prime factors of (-3)/(10/65 + 41978/(-272688)).
2, 3, 19, 23
Let y(n) = -6*n**3 - 6*n**2 + 31*n + 152. List the prime factors of y(-11).
3, 2357
Let f = -17361 + 27649. What are the prime factors of f?
2, 643
Let i = 23045 + 2088. List the prime factors of i.
41, 613
Let d(g) = g + 312*g**2 + g + 182*g**2 - 3 - 17*g**2. What are the prime factors of d(-1)?
2, 59
Suppose -i - 3*c = -2204, 61*i + 5*c - 13224 = 55*i. List the prime factors of i.
2, 19, 29
Suppose -u + 0*u = -z + 60, -4*u = z - 35. Suppose 2*q + z = -3*s, -80 = 4*s - q + 2*q. Let v(b) = -b**2 - 29*b - 31. List the prime factors of v(s).
137